{"id":128,"date":"2015-03-15T13:42:51","date_gmt":"2015-03-15T11:42:51","guid":{"rendered":"http:\/\/www.dach-dombrowski.de\/?page_id=128"},"modified":"2015-03-15T15:19:19","modified_gmt":"2015-03-15T13:19:19","slug":"startseite-2","status":"publish","type":"page","link":"http:\/\/www.dach-dombrowski.de\/?page_id=128","title":{"rendered":"Geschichte"},"content":{"rendered":"<p><strong><span style=\"text-decoration: underline;\">Unternehmensgeschichte<\/span><\/strong><\/p>\n<p>&nbsp;<\/p>\n<ul>\n<li>1993 in Quenstedt gegr\u00fcndet<\/li>\n<li>Kontinuierliches Wachstum seit der Gr\u00fcndung<\/li>\n<li>Zahlreiche Bauvorhaben unter anderem Schloss Novalis in Wiederstedt, Getreidespeicher in Halle Trotha, uvm.<\/li>\n<li>Seit 2012 nach Gesellschafterwechsel unter der Firmierung Dachdeckermeisterbetrieb Thomas Dombrowski aktiv<\/li>\n<li>Seit 2013 neues Firmengel\u00e4nde in der Welbslebener Stra\u00dfe 3a nach Sanierung Lager und B\u00fcro<\/li>\n<\/ul>\n<p>&nbsp;<\/p>\n","protected":false},"excerpt":{"rendered":"<p>Unternehmensgeschichte &nbsp; 1993 in Quenstedt gegr\u00fcndet Kontinuierliches Wachstum seit der Gr\u00fcndung Zahlreiche Bauvorhaben unter anderem Schloss Novalis in Wiederstedt, Getreidespeicher in Halle Trotha, uvm. Seit 2012 nach Gesellschafterwechsel unter der Firmierung Dachdeckermeisterbetrieb Thomas Dombrowski aktiv Seit 2013 neues Firmengel\u00e4nde in der Welbslebener Stra\u00dfe 3a nach Sanierung Lager und B\u00fcro &nbsp;<\/p>\n","protected":false},"author":3,"featured_media":0,"parent":0,"menu_order":1,"comment_status":"closed","ping_status":"closed","template":"","meta":{"ngg_post_thumbnail":0,"footnotes":""},"class_list":["post-128","page","type-page","status-publish","hentry"],"yoast_head":"<!-- This site is optimized with the Yoast SEO plugin v24.3 - https:\/\/yoast.com\/wordpress\/plugins\/seo\/ -->\n<title>Geschichte -Dachdecker - Fassaden - Dachklempnerei - Fassadenverkleidung-<\/title>\n<meta name=\"robots\" content=\"index, follow, max-snippet:-1, max-image-preview:large, max-video-preview:-1\" \/>\n<link rel=\"canonical\" href=\"http:\/\/www.dach-dombrowski.de\/?page_id=128\" \/>\n<meta property=\"og:locale\" content=\"de_DE\" \/>\n<meta property=\"og:type\" content=\"article\" \/>\n<meta property=\"og:title\" content=\"Geschichte -Dachdecker - Fassaden - Dachklempnerei - Fassadenverkleidung-\" \/>\n<meta property=\"og:description\" content=\"Unternehmensgeschichte &nbsp; 1993 in Quenstedt gegr\u00fcndet Kontinuierliches Wachstum seit der Gr\u00fcndung Zahlreiche Bauvorhaben unter anderem Schloss Novalis in Wiederstedt, Getreidespeicher in Halle Trotha, uvm. Seit 2012 nach Gesellschafterwechsel unter der Firmierung Dachdeckermeisterbetrieb Thomas Dombrowski aktiv Seit 2013 neues Firmengel\u00e4nde in der Welbslebener Stra\u00dfe 3a nach Sanierung Lager und B\u00fcro &nbsp;\" \/>\n<meta property=\"og:url\" content=\"http:\/\/www.dach-dombrowski.de\/?page_id=128\" \/>\n<meta property=\"og:site_name\" content=\"----Dachdecker - Fassaden - Dachklempnerei - Fassadenverkleidung----\" \/>\n<meta property=\"article:modified_time\" content=\"2015-03-15T13:19:19+00:00\" \/>\n<script type=\"application\/ld+json\" class=\"yoast-schema-graph\">{\"@context\":\"https:\/\/schema.org\",\"@graph\":[{\"@type\":\"WebPage\",\"@id\":\"http:\/\/www.dach-dombrowski.de\/?page_id=128\",\"url\":\"http:\/\/www.dach-dombrowski.de\/?page_id=128\",\"name\":\"Geschichte -Dachdecker - Fassaden - Dachklempnerei - Fassadenverkleidung-\",\"isPartOf\":{\"@id\":\"http:\/\/www.dach-dombrowski.de\/#website\"},\"datePublished\":\"2015-03-15T11:42:51+00:00\",\"dateModified\":\"2015-03-15T13:19:19+00:00\",\"breadcrumb\":{\"@id\":\"http:\/\/www.dach-dombrowski.de\/?page_id=128#breadcrumb\"},\"inLanguage\":\"de\",\"potentialAction\":[{\"@type\":\"ReadAction\",\"target\":[\"http:\/\/www.dach-dombrowski.de\/?page_id=128\"]}]},{\"@type\":\"BreadcrumbList\",\"@id\":\"http:\/\/www.dach-dombrowski.de\/?page_id=128#breadcrumb\",\"itemListElement\":[{\"@type\":\"ListItem\",\"position\":1,\"name\":\"Startseite\",\"item\":\"http:\/\/www.dach-dombrowski.de\/\"},{\"@type\":\"ListItem\",\"position\":2,\"name\":\"Geschichte\"}]},{\"@type\":\"WebSite\",\"@id\":\"http:\/\/www.dach-dombrowski.de\/#website\",\"url\":\"http:\/\/www.dach-dombrowski.de\/\",\"name\":\"----Dachdecker - Fassaden - Dachklempnerei - Fassadenverkleidung----\",\"description\":\".....Dombrowski - Thomas - Untersta\u00dfe 9a - OT Quenstedt - Stadt - Arnstein - Dombrowski - Thomas - Untersta\u00dfe 9a - OT Quenstedt - Stadt - Arnstein.....\",\"potentialAction\":[{\"@type\":\"SearchAction\",\"target\":{\"@type\":\"EntryPoint\",\"urlTemplate\":\"http:\/\/www.dach-dombrowski.de\/?s={search_term_string}\"},\"query-input\":{\"@type\":\"PropertyValueSpecification\",\"valueRequired\":true,\"valueName\":\"search_term_string\"}}],\"inLanguage\":\"de\"}]}<\/script>\n<!-- \/ Yoast SEO plugin. -->","yoast_head_json":{"title":"Geschichte -Dachdecker - Fassaden - Dachklempnerei - Fassadenverkleidung-","robots":{"index":"index","follow":"follow","max-snippet":"max-snippet:-1","max-image-preview":"max-image-preview:large","max-video-preview":"max-video-preview:-1"},"canonical":"http:\/\/www.dach-dombrowski.de\/?page_id=128","og_locale":"de_DE","og_type":"article","og_title":"Geschichte -Dachdecker - Fassaden - Dachklempnerei - Fassadenverkleidung-","og_description":"Unternehmensgeschichte &nbsp; 1993 in Quenstedt gegr\u00fcndet Kontinuierliches Wachstum seit der Gr\u00fcndung Zahlreiche Bauvorhaben unter anderem Schloss Novalis in Wiederstedt, Getreidespeicher in Halle Trotha, uvm. Seit 2012 nach Gesellschafterwechsel unter der Firmierung Dachdeckermeisterbetrieb Thomas Dombrowski aktiv Seit 2013 neues Firmengel\u00e4nde in der Welbslebener Stra\u00dfe 3a nach Sanierung Lager und B\u00fcro &nbsp;","og_url":"http:\/\/www.dach-dombrowski.de\/?page_id=128","og_site_name":"----Dachdecker - Fassaden - Dachklempnerei - Fassadenverkleidung----","article_modified_time":"2015-03-15T13:19:19+00:00","schema":{"@context":"https:\/\/schema.org","@graph":[{"@type":"WebPage","@id":"http:\/\/www.dach-dombrowski.de\/?page_id=128","url":"http:\/\/www.dach-dombrowski.de\/?page_id=128","name":"Geschichte -Dachdecker - Fassaden - Dachklempnerei - Fassadenverkleidung-","isPartOf":{"@id":"http:\/\/www.dach-dombrowski.de\/#website"},"datePublished":"2015-03-15T11:42:51+00:00","dateModified":"2015-03-15T13:19:19+00:00","breadcrumb":{"@id":"http:\/\/www.dach-dombrowski.de\/?page_id=128#breadcrumb"},"inLanguage":"de","potentialAction":[{"@type":"ReadAction","target":["http:\/\/www.dach-dombrowski.de\/?page_id=128"]}]},{"@type":"BreadcrumbList","@id":"http:\/\/www.dach-dombrowski.de\/?page_id=128#breadcrumb","itemListElement":[{"@type":"ListItem","position":1,"name":"Startseite","item":"http:\/\/www.dach-dombrowski.de\/"},{"@type":"ListItem","position":2,"name":"Geschichte"}]},{"@type":"WebSite","@id":"http:\/\/www.dach-dombrowski.de\/#website","url":"http:\/\/www.dach-dombrowski.de\/","name":"----Dachdecker - Fassaden - Dachklempnerei - Fassadenverkleidung----","description":".....Dombrowski - Thomas - Untersta\u00dfe 9a - OT Quenstedt - Stadt - Arnstein - Dombrowski - Thomas - Untersta\u00dfe 9a - OT Quenstedt - Stadt - Arnstein.....","potentialAction":[{"@type":"SearchAction","target":{"@type":"EntryPoint","urlTemplate":"http:\/\/www.dach-dombrowski.de\/?s={search_term_string}"},"query-input":{"@type":"PropertyValueSpecification","valueRequired":true,"valueName":"search_term_string"}}],"inLanguage":"de"}]}},"_links":{"self":[{"href":"http:\/\/www.dach-dombrowski.de\/index.php?rest_route=\/wp\/v2\/pages\/128","targetHints":{"allow":["GET"]}}],"collection":[{"href":"http:\/\/www.dach-dombrowski.de\/index.php?rest_route=\/wp\/v2\/pages"}],"about":[{"href":"http:\/\/www.dach-dombrowski.de\/index.php?rest_route=\/wp\/v2\/types\/page"}],"author":[{"embeddable":true,"href":"http:\/\/www.dach-dombrowski.de\/index.php?rest_route=\/wp\/v2\/users\/3"}],"replies":[{"embeddable":true,"href":"http:\/\/www.dach-dombrowski.de\/index.php?rest_route=%2Fwp%2Fv2%2Fcomments&post=128"}],"version-history":[{"count":3,"href":"http:\/\/www.dach-dombrowski.de\/index.php?rest_route=\/wp\/v2\/pages\/128\/revisions"}],"predecessor-version":[{"id":136,"href":"http:\/\/www.dach-dombrowski.de\/index.php?rest_route=\/wp\/v2\/pages\/128\/revisions\/136"}],"wp:attachment":[{"href":"http:\/\/www.dach-dombrowski.de\/index.php?rest_route=%2Fwp%2Fv2%2Fmedia&parent=128"}],"curies":[{"name":"wp","href":"https:\/\/api.w.org\/{rel}","templated":true}]}}